{"id":19,"date":"2015-06-29T16:49:41","date_gmt":"2015-06-29T14:49:41","guid":{"rendered":"http:\/\/www.test.hof-gorisen.ch\/?page_id=19"},"modified":"2025-11-27T13:31:57","modified_gmt":"2025-11-27T12:31:57","slug":"golden-retriever","status":"publish","type":"page","link":"https:\/\/www.hof-gorisen.ch\/?page_id=19","title":{"rendered":"Golden Retriever"},"content":{"rendered":"<p>Mit Vera begann die Zucht\u00e4ra von der Wieselweide. Nun hat Emma 2015 erfolgreich die Ank\u00f6rung bestanden und wird den Namen von der Wieselweide hoffentlich weiterhin mit ausgeglichenen und sch\u00f6nen W\u00fcrfen vertreten k\u00f6nnen. Inzwischen hat auch unsere Mira den Wesenstest bestanden und wir freuen uns auf eine tolle Zukunft mit ihr.<\/p>\n<p><em><a href=\"http:\/\/www.hof-gorisen.ch\/?page_id=25\">Vera<\/a>\u00a0<strong> \u00a0<\/strong> \u00a0 \u00a0<a href=\"http:\/\/www.hof-gorisen.ch\/?page_id=27\">Emma<\/a>\u00a0 \u00a0 \u00a0 \u00a0<\/em><em><a href=\"http:\/\/www.hof-gorisen.ch\/?page_id=331\">Mira<\/a>\u00a0 \u00a0 \u00a0<a href=\"https:\/\/www.hof-gorisen.ch\/?page_id=1572\">Mika<\/a><\/em><\/p>\n\n\n<p><\/p>\n","protected":false},"excerpt":{"rendered":"<p>Mit Vera begann die Zucht\u00e4ra von der Wieselweide. Nun hat Emma 2015 erfolgreich die Ank\u00f6rung bestanden und wird den Namen<\/p>\n","protected":false},"author":1,"featured_media":0,"parent":5,"menu_order":1,"comment_status":"closed","ping_status":"closed","template":"","meta":{"footnotes":""},"class_list":["post-19","page","type-page","status-publish","hentry"],"_links":{"self":[{"href":"https:\/\/www.hof-gorisen.ch\/index.php?rest_route=\/wp\/v2\/pages\/19","targetHints":{"allow":["GET"]}}],"collection":[{"href":"https:\/\/www.hof-gorisen.ch\/index.php?rest_route=\/wp\/v2\/pages"}],"about":[{"href":"https:\/\/www.hof-gorisen.ch\/index.php?rest_route=\/wp\/v2\/types\/page"}],"author":[{"embeddable":true,"href":"https:\/\/www.hof-gorisen.ch\/index.php?rest_route=\/wp\/v2\/users\/1"}],"replies":[{"embeddable":true,"href":"https:\/\/www.hof-gorisen.ch\/index.php?rest_route=%2Fwp%2Fv2%2Fcomments&post=19"}],"version-history":[{"count":15,"href":"https:\/\/www.hof-gorisen.ch\/index.php?rest_route=\/wp\/v2\/pages\/19\/revisions"}],"predecessor-version":[{"id":1644,"href":"https:\/\/www.hof-gorisen.ch\/index.php?rest_route=\/wp\/v2\/pages\/19\/revisions\/1644"}],"up":[{"embeddable":true,"href":"https:\/\/www.hof-gorisen.ch\/index.php?rest_route=\/wp\/v2\/pages\/5"}],"wp:attachment":[{"href":"https:\/\/www.hof-gorisen.ch\/index.php?rest_route=%2Fwp%2Fv2%2Fmedia&parent=19"}],"curies":[{"name":"wp","href":"https:\/\/api.w.org\/{rel}","templated":true}]}}